t w be n(-13). What is the tens digit of 30 - w*(-2)/(-6)?
2
Let q = 18 - 13. Let f(s) = -2 + 3*s - 4 - 2*s**3 - 5*s**2 + 3*s**3. What is the units digit of f(q)?
9
What is the hundreds digit of (-2)/9 - 1334/(-9)?
1
Let z be (-3)/9*3*1. What is the tens digit of (z + (-1)/(-4))*-24?
1
Suppose -2*d = -67 + 17. What is the units digit of d?
5
Suppose 0 = 3*b + 5*c - 70, -3*b + 5*c + 20 + 60 = 0. What is the units digit of b?
5
Let g = -4 - -26. What is the units digit of g?
2
Let g = -192 - -94. Let a be ((-3)/(-4))/(((-18)/48)/3). What is the units digit of (-10)/30 + g/a?
6
Let n(u) = 3*u - 10 + 5 + 5*u**2 - u**3 - u. Let t be 18/4 + (-1)/(-2). What is the units digit of n(t)?
5
Suppose -c + 3*w = -2 + 6, 40 = 3*c + 4*w. What is the units digit of c?
8
Suppose p = 4*p - 18. Let m = 19 - p. What is the units digit of m?
3
Suppose -3*a - 35 = 5*j, 4*a = 4*j - 3 - 1. Let m = a - -16. Let v = -4 + m. What is the units digit of v?
7
Let n(k) = 3*k - 4*k + 3 + 11. Let d(f) = f - 13. Let r(t) = -5*d(t) - 4*n(t). What is the units digit of r(4)?
5
Let k(f) = -11*f**3 - f**2 - f + 1. Let b be k(1). Let u = 16 + b. What is the units digit of u?
4
Let k be (-129)/(-6) + (-1)/2. Suppose 2*l = 5*l - k. Suppose n - 1 = 0, 5*i - l = n + 7. What is the units digit of i?
3
Let w(h) = h**3 - 3*h**2 - 2*h - 4. Let p be w(4). Let t = p - 1. Suppose -5*f + 25 = r - 43, -t*r = 3*f - 48. What is the tens digit of f?
1
Suppose 5*r - 8 = -3*x, -r - 7 = -4*x - 27. Suppose 80 = 4*i - r*f, -4 = f - 3. What is the units digit of i?
9
Suppose -2*c - 4 = -0*c. What is the units digit of 6 + c - (3 + -2)?
3
Let g be ((-1)/2)/((-2)/(-12)). Let l(c) = 12*c + 10. Let j(q) = -13*q - 11. Let k(r) = -6*j(r) - 7*l(r). What is the units digit of k(g)?
4
Suppose 0 = -2*j + x, 0 = -4*x - 0 - 8. Let v(s) = -7*s + 1. What is the units digit of v(j)?
8
Let j(x) be the second derivative of -x**4/12 - 2*x**3/3 + 5*x**2/2 - x. Let h be j(-5). Suppose h = z + 4*i - 21, 6 + 2 = 4*i. What is the tens digit of z?
1
Let u(o) = -o**3 + 10*o**2 - 9*o. Let n be u(9). Suppose 4*b - 3*q - 46 + 19 = 0, 3*q - 9 = n. What is the units digit of b?
9
Let m = -3 + 68. What is the tens digit of m?
6
Let t be (-28)/(-6) + 6/18. Suppose 0 = t*q - q. Suppose 2*j + q*j = -w, 2*w + 2 = -3*j. What is the units digit of j?
2
Let r = 2 - 4. What is the tens digit of r/(-8) + 177/12?
1
Let w = 373 + -221. What is the hundreds digit of w?
1
Let x be (4 - -1)*(-12)/(-20). Suppose -9 = -3*u - 3*n, x*u - 2*u = -5*n + 3. Suppose u*j - 7 = -4. What is the units digit of j?
1
Let r(t) = -2 - t - 3 + 2 + 0. What is the units digit of r(-7)?
4
Let y = 7 - 16. Let p(g) = -g**3 - 8*g**2 + 11*g + 5. Let r be p(y). Let w = 20 + r. What is the units digit of w?
7
Let s = 19 - -12. What is the units digit of s?
1
Let w be (-2)/7 + 19/(-7). What is the units digit of (-6)/15*(w + -32)?
4
Suppose -4*z + 19 = k, -z + 1 + 0 = 4*k. Suppose 2*h + 58 = 4*b, -z*h + 0*h = -2*b + 25. What is the units digit of b?
5
Let h be ((-1)/3)/(3/(-711)). Suppose 3*f - h = -34. What is the units digit of (-2 - -1)/((-3)/f)?
5
Suppose -r = 5*k - 9, 3 = 3*k - 0. Suppose 5*o - 16 = -3*i, 5*i + 0*i + r*o = 5. Let j = i + 6. What is the units digit of j?
3
Let g be (1 - 1)/(0 - -1). Let u be (0*(-4)/12)/1. Suppose g = -u*o + 5*o - 5. What is the units digit of o?
1
Let y be ((-1)/3)/(2/42). Let s = 9 + y. Suppose 0 = -s*d - d + 33. What is the tens digit of d?
1
Let k(f) = f**2 - f + 14. Let y = -9 + 9. What is the units digit of k(y)?
4
Let j be (-38)/(-3) - 6/9. Suppose 2*o - 30 = j. What is the units digit of o?
1
What is the hundreds digit of (-38)/1*(-3)/3*3?
1
Let v be ((-9)/15 + 1)*5. Let y = v + 22. What is the units digit of y?
4
Suppose k = -k + 8. What is the units digit of k?
4
Let b(n) be the third derivative of 19*n**4/24 - n**2. What is the tens digit of b(1)?
1
Let q(o) = 7*o - 13. What is the tens digit of q(10)?
5
Suppose 2*h - h - 27 = 0. What is the tens digit of h?
2
Let n = -3 - -1. Let l(v) = -3*v - 2. What is the units digit of l(n)?
4
Let f(y) = 2*y**2 - 5*y + 1. Let p be f(3). Suppose 4*g - 67 = -3*c, 11 = g - p*c - 1. What is the units digit of g?
6
Suppose -4*m + 7 - 3 = 0. Suppose -2 = -3*c + m. What is the units digit of c?
1
Let w(t) be the third derivative of t**6/60 - t**5/60 - t**4/8 + t**3/3 + t**2. What is the units digit of w(2)?
8
Let q(g) = 2*g**2 - 9 + 20 - 5 - 8*g. What is the tens digit of q(6)?
3
Let f be (5/5)/((-2)/(-4)). Let r(m) be the third derivative of m**4/6 + m**3/6 + 2*m**2. What is the units digit of r(f)?
9
Let o(h) = 5*h**3 - 3*h**2 - 4*h - 1. Let i be o(3). Suppose 5*m + 2*w = i, 53 = 4*m - 4*w + w. What is the units digit of m?
7
What is the units digit of (-2)/(-1 + 42/46)?
3
Suppose 0 = -w + 1 - 0. Let r = w - -11. What is the units digit of r?
2
Let k(v) = v**3 + 4*v**2 - 6*v + 4. Let m be -6 + 6 + -3 - 2. What is the units digit of k(m)?
9
Suppose c + 3 - 12 = 0. Suppose c*z = 4*z + 25. Suppose -z = -2*m + 13. What is the units digit of m?
9
Suppose o - 4 = 2*o. Let g be o/(-2) - -2 - 0. Suppose -4*d + 8 = 0, 50 = g*v + 5*d - 4*d. What is the units digit of v?
2
Let f = -1 - 5. Let q be f/(-10) + 56/(-10). Let x = -1 - q. What is the units digit of x?
4
Let j = 7 + -5. Let a = j + 5. What is the units digit of a?
7
Let j be 3 - (-3)/(-6)*0. Let h = j - 0. Suppose p - 11 + h = 0. What is the units digit of p?
8
Suppose z - 52 = 2*l, -5*l + 2*l - 233 = -4*z. What is the tens digit of z?
6
Let q be ((-6)/(-3) - -1) + -2. Let b be q/3*6/1. Suppose -2*g + 4 - b = 0. What is the units digit of g?
1
Let g(h) = h + 6. Let m be g(-4). Let f be m + (-3)/((-3)/58). What is the units digit of (-4)/6 + f/9?
6
Let q(j) = j**3 - 6*j**2 - 10*j + 9. Let w be q(7). Let a be (w/((-6)/3))/1. Suppose -a = -5*m + 14. What is the units digit of m?
4
Suppose -560 = -5*d - h, 2*h + 2*h - 464 = -4*d. What is the units digit of d?
1
Let a(y) be the third derivative of y**4/12 - 2*y**3/3 + y**2. What is the units digit of a(7)?
0
Let x(l) = l**2 - l. Let y(p) be the second derivative of -p**5/20 + p**4/6 + p**3/6 - p. Let f(r) = -4*x(r) + y(r). What is the tens digit of f(-4)?
1
Let l(r) = r**3 + 10*r**2 + 4*r - 1. What is the units digit of l(-9)?
4
What is the units digit of (-1088)/(-10) - 21/(-105)?
9
Suppose 4*u - 16 = 4*c, 0*c = c + 1. Let v(b) = 7*b**2 + b - 1. Let k(l) = -8*l**2 - 2*l + 2. Let m(n) = 5*k(n) + 6*v(n). What is the units digit of m(u)?
0
Suppose 15 = 3*s, 5*j + s - 30 = -s. Let x(y) = 5*y - 10. What is the tens digit of x(j)?
1
Suppose 0 = -u + 3*x - 4, 0 = u - x - 4 + 2. Suppose 0*y + u*y = 170. What is the units digit of y?
4
Let g = 437 + -234. What is the hundreds digit of g?
2
Let c(x) = x**3 + 4*x**2 - 5*x - 1. Let k be c(-5). What is the units digit of (-2 - k)/(3/(-9))?
3
Let f(r) = 8*r - 73. What is the hundreds digit of f(23)?
1
Let f(q) = 2*q**2 - 3*q - 4. Let i be (-4)/6 + (-33)/(-9). What is the units digit of f(i)?
5
Suppose 15 - 46 = c + 4*v, 2*c = -3*v - 62. Let t = -14 - c. What is the tens digit of t?
1
Let f(z) = -5*z + 6*z + z**2 + 6*z + 5. What is the units digit of f(-7)?
5
Suppose 6 = 2*h - 0*h. Suppose 5 = 5*g + 5*y, 2*g = -3*y + 1 - h. What is the units digit of g?
5
Suppose -12 = -2*q - q. Suppose -3*v + 3*k + 197 = v, q*v - k - 199 = 0. Suppose 4*i + 2*y - v = y, 0 = -3*i + 5*y + 26. What is the units digit of i?
2
Let q(w) = -62*w**3 + 5*w - 3. Let u(v) = -31*v**3 + 2*v - 1. Let l(g) = -2*q(g) + 5*u(g). Let a be l(1). What is the units digit of a/(-4)*4/6?
5
Suppose 5*u = c + 5 - 0, 0 = 2*u + 5*c - 2. Let o(g) = 11*g**2 - g. What is the tens digit of o(u)?
1
Let r = -5 - -6. Let f = 8 - r. Let a = f + -2. What is the units digit of a?
5
Let b = 129 - 74. Suppose -15 - b = -5*x. What is the units digit of x?
4
What is the tens digit of 1/(3/134)*(-51)/(-34)?
6
Let n be (1 - -1)/((-6)/24). Let o be (-2 - -1)/(n/160). What is the units digit of (-15)/o + 47/4?
1
Suppose 84 = 13*g - 7*g. What is the units digit of g?
4
Let n(r) be the third derivative of r**5/60 - r**4/2 + 8*r**3/3 - 3*r**2. What is the tens digit of n(13)?
2
Let g(q) = q - 4. Let j be g(0). Let y = j - -3. What is the units digit of y + (-1)/((-3)/6)?
1
Suppose 2*f = 2*q + 22, 0 = -2*f + q - 6 + 23. Supp